True
Is 4853 prime?
False
Is 93569 a composite number?
True
Is 398206 a prime number?
False
Is 26597 a prime number?
True
Is 75731 prime?
True
Is 156473 prime?
False
Is 197413 prime?
False
Is 110419 a prime number?
True
Is 22691 composite?
False
Is 68207 prime?
True
Is 171723 a composite number?
True
Is 816511 composite?
True
Is 5581 composite?
False
Is 42321 a prime number?
False
Is 10007 prime?
True
Is 173839 composite?
False
Is 330686 prime?
False
Is 15869 a composite number?
True
Is 2209283 composite?
False
Is 517571 prime?
True
Is 293 composite?
False
Is 320267 composite?
False
Is 91747 a prime number?
False
Is 6017 a composite number?
True
Is 66653 composite?
False
Is 34793 a prime number?
False
Is 224743 a composite number?
False
Is 26557 a prime number?
True
Is 59615 a composite number?
True
Is 1291711 a prime number?
False
Is 47999 a composite number?
True
Is 57781 a composite number?
False
Is 752047 composite?
True
Is 176999 composite?
True
Is 18137 a composite number?
True
Is 40903 a prime number?
True
Is 90223 a prime number?
False
Is 132917 prime?
False
Is 11657 a prime number?
True
Is 52961 composite?
True
Is 8887 a prime number?
True
Is 313507 composite?
False
Is 6937 a composite number?
True
Is 70111 a composite number?
False
Is 99679 a composite number?
False
Is 1388779 a prime number?
False
Is 1157 a composite number?
True
Is 2851 prime?
True
Is 20317 composite?
True
Is 36913 a composite number?
False
Is 1144417 a prime number?
True
Is 111571 composite?
True
Is 379343 a prime number?
True
Is 86119 prime?
False
Is 749643 composite?
True
Is 11861 prime?
False
Is 557129 composite?
True
Is 7370579 a prime number?
True
Is 8341 prime?
False
Is 133097 prime?
True
Is 30971 composite?
False
Is 135335 a composite number?
True
Is 156913 a prime number?
True
Is 67931 prime?
True
Is 136769 composite?
False
Is 983737 a composite number?
False
Is 181387 a prime number?
True
Is 58309 a prime number?
True
Is 38251 composite?
True
Is 62533 a prime number?
True
Is 3946673 a composite number?
False
Is 321593 a prime number?
True
Is 33509 composite?
True
Is 81223 a prime number?
True
Is 1108909 prime?
True
Is 88583 a prime number?
False
Is 16953 a prime number?
False
Is 3989 a composite number?
False
Is 130003 composite?
False
Is 215429 prime?
False
Is 1320227 a composite number?
True
Is 27611 prime?
True
Is 1062073 composite?
False
Is 1607579 composite?
False
Is 210709 composite?
False
Is 965357 composite?
False
Is 89753 a prime number?
True
Is 6209 prime?
False
Is 104227 composite?
True
Is 20477 a composite number?
False
Is 138657 a prime number?
False
Is 70937 prime?
True
Is 83199 prime?
False
Is 5352533 a prime number?
True
Is 79793 composite?
True
Is 1512571 a prime number?
False
Is 2949319 a prime number?
True
Is 114857 a composite number?
True
Is 56195 a composite number?
True
Is 113683 a composite number?
False
Is 491 a composite number?
False
Is 591 a composite number?
True
Is 85213 a prime number?
True
Is 827461 prime?
True
Is 86 a prime number?
False
Is 36199 a prime number?
False
Is 11667 prime?
False
Is 4141 composite?
True
Is 63839 a prime number?
True
Is 679123 composite?
False
Is 165063 a composite number?
True
Is 90879 composite?
True
Is 91911 a prime number?
False
Is 657347 a prime number?
True
Is 1055201 composite?
True
Is 35671 prime?
True
Is 541 prime?
True
Is 44297 a composite number?
True
Is 97103 prime?
True
Is 20863 composite?
True
Is 123341 prime?
True
Is 103783 prime?
False
Is 36119 a prime number?
False
Is 49981 a composite number?
True
Is 1314785 composite?
True
Is 31001 prime?
False
Is 15817 composite?
False
Is 1847 composite?
False
Is 75869 composite?
False
Is 114107 composite?
True
Is 11183 prime?
False
Is 388865 a prime number?
False
Is 47887 prime?
False
Is 133919 composite?
False
Is 124466 prime?
False
Is 19937 composite?
False
Is 1048507 prime?
True
Is 6588389 a prime number?
True
Is 127 a prime number?
True
Is 14633 composite?
False
Is 11303 composite?
True
Is 3511 a prime number?
True
Is 39323 a composite number?
False
Is 24257 a composite number?
True
Is 59323 a composite number?
True
Is 17159 a prime number?
True
Is 128461 a prime number?
True
Is 19699 a composite number?
False
Is 80263 a prime number?
True
Is 1291 a prime number?
True
Is 22739 composite?
False
Is 68993 prime?
True
Is 16057 a composite number?
False
Is 275051 a composite number?
True
Is 75011 a composite number?
False
Is 10897 composite?
True
Is 131249 a composite number?
False
Is 3847 composite?
False
Is 14501 prime?
False
Is 6731 prime?
False
Is 1361 a prime number?
True
Is 65267 a prime number?
True
Is 431513 a composite number?
False
Is 159539 prime?
True
Is 54155 prime?
False
Is 24355 a composite number?
True
Is 207703 prime?
False
Is 376283 a composite number?
False
Is 62417 prime?
True
Is 4171 a prime number?
False
Is 1129641 prime?
False
Is 291839 composite?
True
Is 50563 composite?
True
Is 177843 a prime number?
False
Is 1423 a prime number?
True
Is 475597 prime?
True
Is 240937 a prime number?
False
Is 4853 a prime number?
False
Is 19841 a prime number?
True
Is 51151 a composite number?
False
Is 2084639 a composite number?
False
Is 520099 a composite number?
True
Is 11213 a prime number?
True
Is 401423 a prime number?
False
Is 140873 composite?
True
Is 150431 a composite number?
False
Is 35761 a prime number?
False
Is 5189 prime?
True
Is 598643 a composite number?
False
Is 1273391 a composite number?
True
Is 65761 composite?
False
Is 391 prime?
False
Is 8893 a composite number?
False
Is 384043 prime?
False
Is 321187 prime?
True
Is 13259 a prime number?
True
Is 1025941 composite?
True
Is 5561 prime?
False
Is 103 a prime number?
True
Is 567407 a composite number?
False
Is 5414 a composite number?
True
Is 120245 composite?
True
Is 344377 a prime number?
False
Is 31173 composite?
True
Is 127615 a composite number?
True
Is 9193 composite?
True
Is 624191 a prime number?
True
Is 7621 prime?
True
Is 351749 a prime number?
True
Is 130841 prime?
True
Is 12451 composite?
False
Is 649007 prime?
True
Is 43553 composite?
True
Is 4145 prime?
False
Is 3007 a composite number?
True
Is 943867 a prime number?
False
Is 9493 composite?
True
Is 24131 composite?
True
Is 356069 a prime number?
False
Is 988277 composite?
True
Is 13235 a composite number?
True
Is 564937 composite?
False
Is 7639 composite?
False
Is 1461505 a prime number?
False
Is 513289 composite?
True
Is 15761 a composite number?
False
Is 458789 composite?
False
Is 1903 a prime number?
False
Is 620623 a prime number?
True
Is 46589 prime?
True
Is 77093 a composite number?
False
Is 5981 a prime number?
True
Is 2503 prime?
True
Is 48131 a composite number?
False
Is 16787 a prime number?
True
Is 720019 composite?
False
Is 226367 prime?
True
Is 398459 prime?
True
Is 326369 a composite number?
False
Is 77417 composite?
False
Is 7814 prime?
False
Is 13033 prime?
True
Is 1545373 a prime number?
False
Is 99329 composite?
True
Is 1093657 a composite number?
False
Is 4242961 composite?
True
Is 20681 a prime number?
True
Is 27382 a prime number?
False
Is 22637 a composite number?
False
Is 180917 prime?
False
Is 557 a prime number?
True
Is 575849 a composite number?
False
Is 817507 a prime number?
False
Is 767569 prime?
False
Is 14971 a composite number?
True
Is 113 prime?
True
Is 269461 prime?
True
Is 25009 composite?
True
Is 4637 composite?
False
Is 29213 a prime number?
False
Is 34754 composite?
True
Is 153211 composite?
True
Is 1346 a composite number?
True
Is 1156193 composite?
True
Is 1041553 a prime number?
True
Is 195949 a prime number?
False
Is 620233 prime?
True
Is 357745 prime?
False
Is 631 composite?
False
Is 73303 composite?
False
Is 188338 composite?
True
Is 43943 composite?
False
Is 235247 a prime number?
False
Is 22615 a composite number?
True
Is 5314 a composite number?
True
Is 9859 prime?
True
Is 887 prime?
True
Is 4701 a prime number?
False
Is 81509 a prime number?
True
Is 859783 a prime number?
True
Is 379702 a prime number?
False
Is 7563 a composite number?
True
Is 156461 a composite number?
True
Is 785527 a composite number?
False
Is 1565509 composite?
True
Is 566673 composite?
True
Is 606059 a prime number?
True
Is 64151 prime?
True
Is 88453 prime?
False
Is 156509 a composit